 - 94. Calculate the remainder when j is divided by 16.
15
Suppose -3*g + 8 = -g. Let y = g - -11. Calculate the remainder when (58/3)/((-4)/(-6)) is divided by y.
14
Let w = 38 + 40. What is the remainder when w is divided by 27?
24
Suppose -c = 3*k - 11, 4*c - 128 + 52 = -4*k. Calculate the remainder when c is divided by 13.
10
Let r = 29 - 18. What is the remainder when (1302/(-63))/((-4)/6) is divided by r?
9
Suppose 47 + 9 = 4*l. Suppose y = -m + 5*y + l, -5 = 2*m + 3*y. Suppose 3*o + 1 = -2*o - 2*f, f - 1 = -4*o. Calculate the remainder when m is divided by o.
0
Suppose -5*c - 145 = -10*c. Calculate the remainder when 115 is divided by c.
28
Let t(b) = -3*b + 7. What is the remainder when 92 is divided by t(-4)?
16
Suppose 227 = 3*v + 2*n, 4*n - 39 = -2*v + 115. Calculate the remainder when v is divided by 20.
15
Suppose 2*i - 5*f - 99 = 0, 3*i = -4*f + 60 + 100. Suppose -2*w = 2*w - i. What is the remainder when 23 is divided by w?
10
Let i(j) = j - 2. Let g be i(8). Let b be ((-9)/g - -1)*0. Suppose -h - 4*h + 20 = b. Calculate the remainder when 10 is divided by h.
2
Suppose -24 = -4*n - 0*q + 4*q, -q - 22 = -5*n. Calculate the remainder when 6 is divided by n.
2
Suppose j + 5*t + 17 = 0, -j - 4*t - 3 = 10. What is the remainder when 5 is divided by j?
2
Suppose 3*w + 0*v = v + 67, 105 = 5*w - 5*v. Calculate the remainder when 66 is divided by w.
20
Suppose 20 = -4*y, -j + 7*y - 2*y + 40 = 0. What is the remainder when 70 is divided by j?
10
Calculate the remainder when 45 is divided by ((-240)/(-28))/(-5)*(-12 - 2).
21
Let m(w) = -w. Let i(d) = -13*d + 1. Let l(h) = -i(h) + 5*m(h). Calculate the remainder when 1/3 - 393/(-9) is divided by l(2).
14
Let t be (8/(-6))/(4/(-6)). Suppose -3*q + 13 = -t. Calculate the remainder when q is divided by 3.
2
Let u(c) = c**2 + 4*c - 8. Let a be u(-6). Suppose -s - 56 = -a*r, -2*r - 3*s = -5*r + 33. Calculate the remainder when 42 is divided by r.
12
Suppose 10*v + 96 = 14*v. What is the remainder when 47 is divided by v?
23
Suppose 3*o + 4*p + 4 = 0, 3*o - p - 14 - 2 = 0. Suppose -2*t = 5*z - 36, 7*z = 3*z + o*t + 40. What is the remainder when 23 is divided by z?
7
Let b be (-2)/5*1*-5. Let s = 21 - 14. Suppose 0 = -s*x + b*x + 50. What is the remainder when x is divided by 6?
4
Calculate the remainder when -3 + 336/7*(-2)/(-4) is divided by 10.
1
Let v = -4 + 8. Suppose 9*i = v*i + 3*h - 20, 0 = -i - h + 4. Calculate the remainder when (i - 1)*15*-1 is divided by 16.
14
Suppose v - 5*a + 18 = -18, -98 = 3*v - 5*a. Calculate the remainder when 2*(-2)/4*v is divided by 16.
15
What is the remainder when 133 is divided by 44*1 + 3 + -4 + 3?
41
Let s(m) = -m**3 - 3*m**2 + 4*m - 5. Let i be s(-5). Suppose -2 = p - i. Calculate the remainder when 68 is divided by p.
22
Suppose 98 = 5*k - 4*f, -12 = -f - 3*f. Suppose 0 = -3*j + 4*n - 8, 2*n - k = -3*j - 0*j. Suppose -3 = 5*d - 13. What is the remainder when j is divided by d?
0
Let b(i) = -i + 7. Let o be b(6). Let u(j) = j - 9. What is the remainder when 16/3 - o/3 is divided by u(11)?
1
Let j = -12 - -20. What is the remainder when (-32)/(-2) - 8/2 is divided by j?
4
Suppose -2*p = 5*a - 23, -5*p + 29 = 3*a - 0*p. Suppose -a + 13 = 5*x. Calculate the remainder when 3 is divided by x.
1
Suppose g = 2*c + 3*c + 11, 2*g = -c. Suppose -u + 9 = g. Suppose -4*k + 14 = -6. Calculate the remainder when u is divided by k.
3
Let p = 1 - -10. Calculate the remainder when -12*12/9*-2 is divided by p - (-2 - (-2 - 0)).
10
Suppose -5*g + 112 + 98 = 0. What is the remainder when g is divided by 15?
12
What is the remainder when 6*1*65/15 is divided by (-35)/2*(-12)/15?
12
Let t = -73 - -163. Suppose -j = 3*k + j - 65, -2*j = -k + 27. Calculate the remainder when t is divided by k.
21
Let u(k) = 3*k**3 + 3*k**2 - 3*k. Let m(n) = n**2 + 16. Calculate the remainder when u(2) is divided by m(0).
14
Suppose 5*a + 11 = -4*s + 40, 3*a = -3*s + 18. Calculate the remainder when 18 is divided by a.
3
Suppose -4*z = -54 - 54. Suppose 2*a + 2*g - 150 = 0, -g = -a + 30 + 55. What is the remainder when a is divided by z?
26
Let g = 66 - 36. Calculate the remainder when g is divided by 8.
6
Let z(u) = u**3 - 5*u**2 - 8*u + 8. Let n be z(6). Let b(q) = -q + 1. Calculate the remainder when b(-4) is divided by 2*(3 - n/(-2)).
1
Let y = 29 - 11. Calculate the remainder when y is divided by ((-28)/(-4) - -1) + -1.
4
Suppose 0 = r + 2*r - 66. Suppose 0 = 3*k + 4*h - 28, 2*k + h - 3*h = 14. What is the remainder when r is divided by k?
6
Suppose -2*r - 66 = -3*s - 414, 4*r = -s - 116. Let k = -68 - s. Suppose 5*o = -4*d + 41, 2*d - k = 5*o - 5. What is the remainder when 40 is divided by d?
12
Let d(j) be the third derivative of -j**4/12 - 2*j**3/3 - j**2. What is the remainder when (-58)/(-3) + 3/(-9) is divided by d(-7)?
9
Let r = -31 + 47. Suppose r = -0*l + 2*l. What is the remainder when 29 is divided by l?
5
Suppose -7*x + 12 = -3*x. Suppose -2*s - 15 = -y, -5*y = -2*s - 44 - 7. Calculate the remainder when y is divided by x.
0
Let x(d) = -d**3 + 12*d**2 + 27*d + 17. What is the remainder when 5 is divided by x(14)?
2
Let i = -111 + 150. Calculate the remainder when i is divided by 20.
19
Suppose -157 + 37 = -8*q. Suppose 5*c = 2*c + 3. Suppose 31 + c = 4*f. What is the remainder when q is divided by f?
7
Suppose -156 = -4*w - 20. What is the remainder when 101 is divided by w?
33
Calculate the remainder when 18 is divided by -4 - (-6 + -4 + (-4)/1).
8
What is the remainder when 19 is divided by (-4 + 4 + -11)/(-1)?
8
Let z be (-8)/(-6)*30/4. Let r = z + -7. Let q = 11 - 3. Calculate the remainder when q is divided by r.
2
Let s = -33 + 83. Let x = 29 + -3. Let y = 43 - x. Calculate the remainder when s is divided by y.
16
Suppose 13*a - 1092 = 9*a. Suppose 10 = 2*k, -6*b + 2*b + a = 5*k. Suppose o - 3*o = -32. Calculate the remainder when b is divided by o.
14
Let s = 28 + -12. Calculate the remainder when 61 is divided by s.
13
Suppose -4*l = -68 - 32. What is the remainder when 67 is divided by l?
17
Suppose -4*p = -6 - 2. Let y be (p + -4)/(2/3). Let m = y - -7. What is the remainder when 11 is divided by m?
3
Suppose 4*l + 10 + 114 = 0. Let q(g) = -3*g**2 - g - 2. Let r be q(2). Let t = r - l. Calculate the remainder when 28 is divided by t.
13
Let x(a) = -a - 12. What is the remainder when 41 is divided by x(-28)?
9
Let t(n) = 13*n - 3. Let v be t(-3). Let b = 60 + v. What is the remainder when 53 is divided by b?
17
What is the remainder when 1 + 44/(1 + 1) is divided by (-6 - 2 - -2)*-1?
5
Let y(o) = 3*o**2 - 5*o - 4. What is the remainder when 93 is divided by y(4)?
21
Let w = -7 - -14. Calculate the remainder when 19 is divided by w.
5
Let o(r) = -9*r - 10. Suppose -2*m - 4 - 10 = 0. What is the remainder when o(m) is divided by 18?
17
Let n(u) = u + 12. Let b be n(-7). Let t = b + 5. Calculate the remainder when 19 is divided by t.
9
Let k(f) = -f**3 + f**2 - f + 2. Let p be k(0). Suppose -p*l + 107 = -j, -5*j + 275 = 7*l - 2*l. Calculate the remainder when l is divided by 14.
12
Suppose a + 3*f + 130 = 3*a, -2*a - f + 146 = 0. Calculate the remainder when a is divided by 12.
11
Let j = -1 - -5. Suppose 0 = -5*m - 3*a + j + 90, 5*m - a - 82 = 0. Calculate the remainder when m is divided by 7.
3
Suppose -13 = -5*l - 3*s + 16, -5*l + 5 = -5*s. Suppose w - l*w = -90. What is the remainder when w is divided by 8?
6
Let j(i) = i + 7. Calculate the remainder when 39 is divided by j(3).
9
Calculate the remainder when 13 is divided by ((-24)/(-14))/2*112/8.
1
Suppose h - 2*b - 109 = 0, 3*b - 1 = 5. Calculate the remainder when h is divided by 38.
37
Let r(o) = 3*o - 6. Let i(y) = 3*y - 7. Let q(l) = -5*i(l) + 4*r(l). Let p(w) = 2*w**2 + 5*w. What is the remainder when q(-8) is divided by p(-4)?
11
Suppose 3*t - 48 = -0. What is the remainder when 29 is divided by t?
13
Let v be 6/(22/(-26) - -1). Suppose -2*z - 8 = -6*z. Suppose -z*a = a - v. What is the remainder when 23 is divided by a?
10
Let q(i) = -i + 13. Let m be q(10). Suppose 80 = m*a - 1. What is the remainder when a is divided by 10?
7
Let b = 3 - 1. Suppose -t = l - 21, -11 - 15 = -2*l + b*t. Let v = 187 + -122. Calculate the remainder when v is divided by l.
14
Let i(b) = -2 - 2*b - 2 + 5. Calculate the remai